 -5*z, 0*z = g - 2*z + 1. Suppose -f = -g*f + 38. List the prime factors of f.
19
Suppose -5*n + 567 + 148 = 0. List the prime factors of n.
11, 13
Suppose -3 = -2*c + 3. Suppose 5*o - 23 = 2*o + 5*t, 4*t = c*o - 28. What are the prime factors of o?
2
Suppose -4*h = 3*n + 10, 2*n + 3*h = -3*n - 2. Let p be n*(0 + 25/(-2)). Let j = -7 - p. List the prime factors of j.
2, 3
Suppose 0 = 5*i - i - 84. Suppose d - q + 27 = 4*d, 0 = 3*d + 3*q - i. List the prime factors of d.
2, 5
Let v = -13 + 7. Let l = v - -19. List the prime factors of l.
13
Suppose 9*v + 20 = 13*v. Suppose v*y + 12 = 27. List the prime factors of y.
3
Let c(w) = w - 4. Let d be c(4). Let j(m) = -m**2 + 13. List the prime factors of j(d).
13
Suppose s = -2 + 4. List the prime factors of (-3)/s - 135/(-6).
3, 7
Suppose 2*q = q - 5*n + 35, -3*q + 49 = n. Let y = 2 + 2. Suppose t = -y*t + q. List the prime factors of t.
3
Let b be (8/(-3))/((-8)/12). Suppose 5 = b*j - 3. What are the prime factors of j?
2
Let h = 5 + 22. What are the prime factors of h?
3
Suppose 5*s + 3*f - 21 = -0*s, 2*s = -2*f + 10. Suppose 4*p - 45 = -5*i + 111, -p = -s*i - 22. List the prime factors of p.
2, 17
Suppose -3*y + r - 53 = 3*r, 2*y + r + 37 = 0. Let u = -13 - y. Suppose 2 = -2*a + u. List the prime factors of a.
3
Suppose -7*u + 280 = -2*u. What are the prime factors of u?
2, 7
Let t be 6*(7/(-3) + 2). List the prime factors of 13 - (-3 - t)/1.
2, 7
Let i = 6 + -2. Suppose 2*p = 3*p + i. List the prime factors of 675/35 + p/14.
19
Let m = -103 + 399. List the prime factors of m.
2, 37
Let u(m) = -m + m**2 + 1 + 2*m - 2 + 4*m. What are the prime factors of u(-6)?
5
Let b(r) = 12*r**2 + 3*r + 3. Let m be (-6)/15 + (-16)/10. Let p be b(m). Suppose 3*w = -3*j + 45, 6*j - 2*j - w = p. List the prime factors of j.
2, 3
Suppose 13 = 6*y - 5. Suppose 4*m = 4, y*l + 2*m - 79 = m. What are the prime factors of l?
2, 13
Let y = 11 + -10. List the prime factors of (-5*(y + 4))/(-1).
5
Let z be 1 + (-1 + 10 - 3). Suppose -a = 1 - z. List the prime factors of a.
2, 3
Let x(c) = c**2 + c + 1. Let y(n) = 5*n**2 + 8*n - 38. Let w(f) = 6*x(f) - y(f). List the prime factors of w(0).
2, 11
Let g(i) = 6*i + 7. Let b(y) = 3*y + 3. Let o(j) = 5*b(j) - 3*g(j). Let v be o(-4). Suppose v*f - 37 = f - u, 3*f - 5*u = 39. What are the prime factors of f?
2
Let x be (1/(-2))/(2/40). List the prime factors of ((-4)/x)/(1/35).
2, 7
Let i(k) = k**2 - 14*k - 10. Let h be i(15). What are the prime factors of 1/h + (-1218)/(-35)?
5, 7
Suppose -4*i + 12 = 0, -3*i = -2*x - 194 + 807. What are the prime factors of x?
311
Let j(h) = h**3 - 7*h**2 + 6*h - 4. Let v be j(6). List the prime factors of 62/(v*(-2)/4).
31
Suppose -x = 3*r - 15, 5*r - 7*x = -3*x + 42. Let v = 12 - r. Suppose t + 0*t - v = 0. What are the prime factors of t?
2, 3
Let x(j) = -2*j - 5. Let s be x(-4). Suppose -4*z + 27 = s. What are the prime factors of z?
2, 3
Let c = 173 - 122. What are the prime factors of c?
3, 17
Suppose -8*p + 2525 - 933 = 0. What are the prime factors of p?
199
Let j be -1*-10*1/2. Let r(f) = f**2 - f + 3. List the prime factors of r(j).
23
Let j be 6/5*(-20)/(-6). Let n = j - 0. List the prime factors of n.
2
Suppose 7 + 5 = -3*b. Let m(w) = -w**3 - 2*w**2 + 3*w + 6. Let d be m(b). Suppose -26 - d = -4*z. What are the prime factors of z?
13
Suppose 0 = -3*n + 5*m + 54, 2*m = 3*n + 3*m - 54. Suppose -t + n = -3*t. What are the prime factors of 14/3 + (-3)/t?
5
Let m be (-4 + -1)/(-4 + 5). Let j be (-2)/m*(6 - 1). List the prime factors of (j + -3)/((-2)/14).
7
Let s(j) = j**3 + 11*j**2 - 3*j + 11. What are the prime factors of s(-11)?
2, 11
Let c = -163 - -327. List the prime factors of c.
2, 41
List the prime factors of (3 - -3)*(-27)/(-6).
3
Suppose -3*z + 239 - 18 = 4*m, -z + 3 = 0. What are the prime factors of m?
53
What are the prime factors of 7631/247 - 4/(-38)?
31
Let t(b) = -b**3 - 12*b**2 + 8*b - 6. List the prime factors of t(-13).
59
Let i(g) = g**3 - 6*g**2 + 9*g + 1. List the prime factors of i(6).
5, 11
Let b be -17 - -14 - (0 + 3). List the prime factors of b/(-10) + 670/50.
2, 7
Let p = 0 + 11. What are the prime factors of p?
11
Let l(f) = -f**3 - 12*f**2 + 8*f + 11. Let o be l(-13). Suppose -128 = -4*i + o. What are the prime factors of i?
3, 17
Let k(c) = c**3 - 15*c**2 - 27*c - 11. List the prime factors of k(17).
2, 3
Suppose -34 = 4*w + 2*j, w - 1 = -w + 5*j. Let n(b) be the third derivative of -b**4/24 + 5*b**3/6 - b**2. What are the prime factors of n(w)?
2, 3
Let n(p) = p**2 - 4*p - 8. Let s be n(6). Suppose -s*u = -2*u. Let r(f) = -f**2 + 11. List the prime factors of r(u).
11
Let t(l) = 2*l**2 - 2*l + 1. Let c(u) = -u + 2. Let v be c(2). Let x be (v - 2)*(-4 + 3). What are the prime factors of t(x)?
5
Let y = 8 + -6. Let d be -1 + -2*y*-1. Suppose 4*i - 28 = -4*p, -d*p - 3*i = 2*p - 29. What are the prime factors of p?
2
Let z(b) = -b**3 + b**2 - 2*b - 1. Let o(p) = p - 1. Let s be o(-1). List the prime factors of z(s).
3, 5
Let l be (-8 - 1)/(3/4). What are the prime factors of 1 + -2 + l/(-4)?
2
Let i(f) = -f**3 + 4*f**2 - 2*f. Let t be i(3). Let y = -1 + t. What are the prime factors of y?
2
Suppose -q - 4*q - 93 = -s, 4*s = q + 410. Let v = s + -68. Suppose v = -3*k + 101. What are the prime factors of k?
2, 11
Suppose 5*q = l - 60, 175 = 2*l - 0*q + q. What are the prime factors of l?
5, 17
Let r be 0 + 1 - (-2 - 0). Suppose -r - 2 = -5*k - j, -5*j = -4*k + 33. Suppose -k*n + 0*n + 6 = 0. What are the prime factors of n?
3
Let y(t) be the first derivative of t**3/3 + 5*t**2/2 + 5*t + 3. Let f be y(-5). Suppose -22 - 58 = -f*o. What are the prime factors of o?
2
Let i(u) = 2*u**2 + 6*u + 4. Let t be i(-5). List the prime factors of 4/t*3*68.
2, 17
Suppose 4*i + 3*h + 16 = 0, i - 5*h - 25 = 6*i. List the prime factors of 1 - i/(2/4).
3
What are the prime factors of (-60)/(-6) - 8/2?
2, 3
Let o = 82 - 47. Suppose 5*y + 2*t - 25 = 0, o = 2*y + 3*y + 4*t. What are the prime factors of y?
3
Let k = -6 - -6. List the prime factors of (k - 1)*12/(-1).
2, 3
Suppose 4*b = 4*k - 20, 0 = 3*k - 2*k + 4*b + 10. Let w be 2/5*180/k. Suppose -5*r = 2*m - 24, -2*m - 2*r = m - w. What are the prime factors of m?
2, 3
Let b = -8 - -10. Let l = 13 + b. What are the prime factors of l?
3, 5
Let p(v) = -2*v**3 - 13*v**2 - 11*v + 4. What are the prime factors of p(-8)?
2, 71
Let l be 0/(1 - (1 + -2)). Suppose l*f - 45 = -a - 2*f, -4*a + 2*f = -150. What are the prime factors of a?
3, 13
List the prime factors of (-2 - 0)/((-3)/135).
2, 3, 5
Suppose -9 = -5*h + 6. Let d be 50/3 - (-4)/(-6). Suppose h*n - n - d = 0. What are the prime factors of n?
2
Let g(u) = -1. Let n(w) = w**3 - 8*w**2 - 9*w + 5. Let d(v) = -4*g(v) + n(v). What are the prime factors of d(9)?
3
Suppose 3*i + 52 = l, -73 = -0*l - l - 4*i. What are the prime factors of l?
61
Suppose f - 2*f = -16. Suppose 4*k - 14 = -2*m, f + 21 = 3*m - 2*k. What are the prime factors of m?
11
List the prime factors of 15/(-4 + (-465)/(-115)).
3, 5, 23
Let l(b) = -42*b. What are the prime factors of l(-3)?
2, 3, 7
Let a(k) = -94*k**3 + 3*k + 3. List the prime factors of a(-1).
2, 47
Suppose -3*q + 15 = 0, -2*q + 4*q - 76 = -3*b. Suppose -b = 5*j + 3. Let a = -1 - j. What are the prime factors of a?
2
Let s(y) = 24 - y - 6 + y + y. List the prime factors of s(0).
2, 3
Suppose -5*i - m - 2*m = 208, 4*i + 192 = 4*m. Let x be 1/(2 - 6)*i. Let d(s) = -s**3 + 12*s**2 - 9*s - 3. List the prime factors of d(x).
19
Let l(w) = 4*w**2 - 4*w - 3. Let k = -4 + 1. Let h be l(k). Suppose -a = 2*a - h. What are the prime factors of a?
3, 5
Let s(w) = 97*w + 13. List the prime factors of s(2).
3, 23
Let s = -42 + 87. List the prime factors of s.
3, 5
Let g(l) = -l**3 + 13*l**2 + 2*l + 6. What are the prime factors of g(13)?
2
List the prime factors of (-10)/(-8) + 4245/60.
2, 3
Let o(b) be the first derivative of b**4/4 - b**3 + 2*b**2 - b + 1. Let s(m) = -2*m - 3. Let k be s(-3). What are the prime factors of o(k)?
11
Suppose -2*r = -5*s + 21, -3 = -5*s + 22. Suppose d + 2 = -n, 3*d = -3*n + r*d + 2. Suppose -4*w + 28 = -w - n*j, 4*w - 41 = -j. List the prime factors of w.
2, 5
Suppose -26 = 3*v - 98. List the prime factors of v.
2, 3
Let x(z) = -27*z + 6. What are the prime factors of x(-2)?
